-4))?
2
Let q = 5872 - 4034. What is the hundreds digit of q?
8
Let z = 11279 - -13392. What is the units digit of z?
1
Let g(h) = 133*h**2 - 12*h + 41. Let m = 582 + -579. What is the hundreds digit of g(m)?
2
Suppose -38*w = -45*w - 455. Let t = 79 - w. What is the hundreds digit of t?
1
Suppose -86508 = -3*p - 3*o, -p + 2*o + o = -28860. What is the hundreds digit of p?
8
Let u = 26295 - 7569. What is the hundreds digit of u?
7
Suppose -26*w + 60100 = -58317 + 9191. What is the tens digit of w?
0
Let o(u) = -4*u - 2. Let k be o(-14). Let m = 956 - k. What is the units digit of m?
2
What is the thousands digit of (13305/(-1))/(-1) + (-17 - (17 - 35))?
3
Let t = -18379 + 44491. What is the ten thousands digit of t?
2
Let m(d) = -3*d**2 - 5*d + 67. Let l be m(11). Let s = -266 - l. What is the tens digit of s?
8
Suppose 0 = 3*g - 6, -g = 2*y + 5371 - 53399. What is the thousands digit of y?
4
Let a = 5606 - 3538. What is the hundreds digit of a?
0
Suppose 40*y - 2*c = 48*y - 21760, 5*y = 2*c + 13600. What is the tens digit of y?
2
Let u(l) be the second derivative of 4*l**3 - 3*l**2 + l + 80. Let x = 2 + 1. What is the tens digit of u(x)?
6
Let j(y) = -5*y. Suppose -p - 12 = -2*q, 4*p - p + 12 = 0. Let a be 192/(-30) + q/10. What is the units digit of j(a)?
0
Suppose -4*c - 2*c = -18. Suppose -191 = c*g - 5*r, 3*g - g = 2*r - 130. Let a = -29 - g. What is the tens digit of a?
3
Let m(o) = 14*o**3 - 11*o**2 + 2*o - 26. Let d(l) = 5*l**3 - 4*l**2 + l - 9. Let a(z) = 11*d(z) - 4*m(z). What is the units digit of a(-3)?
3
Let u = 61 - 46. Let z = 14 + u. Let q = z + 20. What is the units digit of q?
9
Suppose -26*p = -27*p + 3. Suppose 0 = -p*q - 27 + 87. What is the tens digit of (0 - 8/q) + (-1152)/(-5)?
3
Suppose 10*q - 5 - 15 = 0. What is the units digit of 22*2*19/q?
8
Suppose l - 8 = -3*u, l - 3*u + 2*u - 4 = 0. Suppose 0*m + l*d + 361 = m, -3*m - d = -1051. What is the hundreds digit of m?
3
Suppose -53*g + 390982 = -15*g. What is the units digit of g?
9
Let j be ((-1)/(-1))/(-3*1/(-6)). Suppose 0 = j*l - 3 - 45. Suppose -3*z + l = -4*i - 9, 3*i = -4*z + 69. What is the tens digit of z?
1
Let q(f) = 1504*f + 2927. What is the tens digit of q(40)?
8
Let n = 36 + -27. Let t(j) = j**2 - 11*j + 12. Let f be t(n). What is the tens digit of (f/8 - (-1)/(-4)) + 83?
8
Suppose -2*n = -p + 13, -2*n = -4*p + 2*p + 18. Let q be (1 + p)*(-2)/(-3). What is the tens digit of -1*(-76)/16*q?
1
Let x(c) = 78*c**3 - c**2 + c + 1. Let m be x(-1). Let k = m + 220. What is the tens digit of 2*(0 - -2) + k?
4
Suppose 3*k - 3124 = -5*t + 381, 0 = 5*t - 2*k - 3505. What is the hundreds digit of t?
7
Suppose 424 = -8*v + 4*v. Let a = 106 + v. Suppose a = 3*r + 2*y - 742, 0*r + r - 2*y - 250 = 0. What is the tens digit of r?
4
Let x be -2 - (-51 + 1 + -7). What is the units digit of x/(-33) + (1109/3 - 2)?
6
Let a be (-3*4 - 1) + 4. Let i = a - -18. Suppose i*f - 30 = 4*f. What is the units digit of f?
6
Suppose 0 = -3*a + 5*m + 22, 3*m + 4 + 29 = 4*a. Suppose 5*d - a = 4*g, -4*g + 3*g + 9 = d. Suppose -d*h + 293 + 227 = 0. What is the tens digit of h?
0
Suppose -5*w - 2*v + 68540 = 5478, 3*v = 3*w - 37833. What is the thousands digit of w?
2
Let s(i) = -4*i**3 + 149*i**2 - 99*i - 33. What is the units digit of s(33)?
3
Suppose 4*w - 73 = -k, w - 5*k = -0*k + 13. Let z be 4/w + 1/(18/32). Let t(x) = 7*x**3 - 5*x**2 + 5*x. What is the tens digit of t(z)?
4
Let t(k) = -2*k**2 - 5*k + 3. Let b be t(-2). What is the units digit of (-5)/2*(-876)/b?
8
Let h = -14705 - -45859. What is the units digit of h?
4
Let i = 276 - 401. Let y = i - -222. What is the tens digit of y?
9
Let i = 176844 - 122617. What is the units digit of i?
7
Suppose b + m + 3 = 3*m, -b - 15 = -5*m. Suppose -2*c = -3*u - 589, -1207 = -b*c - 2*u + 313. What is the tens digit of c?
0
Let a = 562 + -545. Suppose 24*c = -a*c + 15908. What is the hundreds digit of c?
3
Suppose -a = -5*a + 604. Let s(j) = -j**3 + 21*j**2 - 25*j + 16. Let z be s(20). Let g = z + a. What is the units digit of g?
7
Let t(i) = 2*i**3 - 18*i**2 + i + 4. Let k be t(9). Let m = 6 - 1. Suppose -k = m*v - 33. What is the units digit of v?
4
Let u(l) = -4*l**3 - 7*l**2 + l - 6. Let z = 50 + -57. What is the tens digit of u(z)?
1
Let g be ((-3)/(-5) - 378/(-70)) + 444. Let a = 64 + g. What is the hundreds digit of a?
5
Suppose 0 = 19501*t - 19512*t + 223300. What is the thousands digit of t?
0
Let w be 18/(-81) + 2/9*1. What is the units digit of -3 + w + 627 + 3?
7
Suppose x - 679 = -m, 4*m - 4*x - 3177 = -477. Let r = 540 + m. What is the thousands digit of r?
1
Let b = 70 + -70. Suppose o = -b*o - q + 53, -q - 57 = -o. Let g = -32 + o. What is the units digit of g?
3
Let r = 2254 - 2119. What is the units digit of r?
5
Let o(p) = -p**3 - 10*p**2 + 81*p + 51. What is the tens digit of o(-18)?
8
Let s(n) = 122*n + 30. Let x be s(3). Suppose 36*f - 40*f + x = 0. What is the tens digit of f?
9
Suppose 0 = -5*w + 8*t - 11*t + 463, -2*w + 4*t + 206 = 0. Let l = -93 + w. Suppose -601 = -5*r + l*h + 196, 4*r + 5*h = 631. What is the tens digit of r?
5
Let p = 9 + -9. Suppose t + 4 = p, -2*g + 0 = 5*t + 16. What is the units digit of ((-340)/60)/(g/(-24))?
8
Suppose -4 = 4*x + x + f, x = 4*f + 16. Suppose -4*u + 4*o = 8 + 48, x = u - 2*o + 17. Let i = -9 - u. What is the units digit of i?
2
Let z be 3/9*3 + 11688/2. Suppose -z = 3*k - 8*k. What is the tens digit of k?
6
Suppose -8*d + 16*k = -11*d + 11330, 0 = -2*d - 4*k + 7560. What is the tens digit of d?
8
Suppose -2*t + 8 = 0, -2*f + 4*t + 1676 = -t. Let c = f - 602. What is the units digit of c?
6
Let m = -164 - -185. Suppose 19032 + 2934 = m*v. What is the hundreds digit of v?
0
Suppose 19*u - 53020 = -4*m + 17*u, 3*m = -2*u + 39767. What is the thousands digit of m?
3
Suppose 0 = 33*c - 35*c + 4. Let y(a) = 7 - 4*a + c*a**2 + 3*a + 12*a. What is the units digit of y(-9)?
0
Let g(i) be the second derivative of 3*i**3/2 - 3*i**2 + i - 8. What is the tens digit of g(22)?
9
Let t(b) = 6*b**3 + 9*b**2 - 33. Let l(r) = -r**3 + r**2 - r. Let v(j) = 5*l(j) + t(j). What is the tens digit of v(-12)?
1
Suppose 2*z - z - 5883 = 1989. What is the hundreds digit of z?
8
What is the units digit of (-278*(-2)/(-6))/((-14)/1281)?
9
Let s = -258 + 281. Suppose 16698 = s*p - p. What is the units digit of p?
9
Suppose -2991 + 10973 = v - 2*c, 3*v - 2*c - 23938 = 0. What is the hundreds digit of v?
9
Let n be 9/12 + 3/((-24)/(-130)). Let u = -13 + n. Suppose u*y - 7 = 3*f + 6, 3*y = -5*f + 46. What is the units digit of y?
7
Let g(r) = 87*r + 52. Suppose 5*x = 4*b - 14, -2*b + 15 = x + 1. What is the units digit of g(b)?
4
Let l(s) = -35*s + 4. Let v be l(-42). What is the units digit of v + ((-42)/(-315) - (-154)/(-30))?
9
Suppose -4*z - 4*s = 64, -6 + 32 = -z + s. Let o = -77 + z. Let b = 253 + o. What is the units digit of b?
5
Let m be (-6 - 0) + 8 - 27186. What is the units digit of m/(-112) + (-4)/(-14)?
3
Let a = 1267 + 5466. What is the units digit of a?
3
Suppose b - 2*z - 9 = 0, 10*b - 5*b + z = 12. Let k be 4/1 - 1 - b. Suppose -4*g - 46 + 482 = k. What is the tens digit of g?
0
Suppose 9*q - 402 - 174 = 0. Suppose -q*l + 59*l = -1365. What is the hundreds digit of l?
2
Let g(q) = q**2 + 3*q - 8. Let m be g(-6). What is the tens digit of (-5 - 185/(-3))/(m/45)?
5
Let k = 1931 + 1340. What is the thousands digit of k?
3
Let o = 90 + -85. Suppose 1114 = 3*r + 5*k, -o*r + 725 = -k - 1141. What is the hundreds digit of r?
3
Suppose -3*r - 5*n + 61162 = 0, -495*r - 3*n - 61170 = -498*r. What is the ten thousands digit of r?
2
Let c = -5257 - -13917. What is the units digit of c?
0
Suppose -156239 = -9*f - 39356. What is the tens digit of 4/(-6)*f/(-78)?
1
What is the units digit of (21830/6)/(4/6 - 20/40)?
0
Let r(y) = -81*y**3 - 19*y**2 - 58*y + 44. What is the units digit of r(-4)?
6
Let c = -47 - -81. Suppose 2 + c = 6*m. Let b = 79 + m. What is the tens digit of b?
8
Suppose -181254 = -182*w + 1539374. What is the thousands digit of w?
9
Let o(w) = -6*w**2 + 45*w - 13. Let g(a) = -3*a**2 + 22*a - 7. Let t(u) = 5*g(u) - 3*o(u). What is the tens digit of t(-7)?
2
Let w = 3395 - -515. Suppose -3*c - 3*s + w = 2*c, 0 = -3*c - 3*s + 2352. What is the hundreds digit of c?
7
Suppose -2*s - 2*l + 56